 digit of 57494?
9
What is the hundreds digit of 2562?
5
What is the hundreds digit of 41935?
9
What is the hundreds digit of 161456?
4
What is the units digit of 507?
7
What is the units digit of 1694?
4
What is the thousands digit of 1491?
1
What is the tens digit of 50519?
1
What is the tens digit of 8990?
9
What is the hundreds digit of 18969?
9
What is the hundreds digit of 1718?
7
What is the units digit of 9144?
4
What is the tens digit of 1791?
9
What is the thousands digit of 17125?
7
What is the units digit of 2173?
3
What is the thousands digit of 48325?
8
What is the units digit of 467?
7
What is the units digit of 67?
7
What is the units digit of 1021?
1
What is the tens digit of 28010?
1
What is the tens digit of 739?
3
What is the units digit of 459?
9
What is the tens digit of 2962?
6
What is the hundreds digit of 2545?
5
What is the thousands digit of 10807?
0
What is the units digit of 1429?
9
What is the tens digit of 353?
5
What is the units digit of 13445?
5
What is the tens digit of 4617?
1
What is the hundreds digit of 54758?
7
What is the hundreds digit of 294?
2
What is the units digit of 4610?
0
What is the units digit of 565?
5
What is the tens digit of 36893?
9
What is the hundreds digit of 37714?
7
What is the thousands digit of 38138?
8
What is the hundreds digit of 11506?
5
What is the units digit of 10656?
6
What is the thousands digit of 9737?
9
What is the units digit of 1212?
2
What is the hundreds digit of 4502?
5
What is the units digit of 1018?
8
What is the hundreds digit of 5903?
9
What is the units digit of 41519?
9
What is the hundreds digit of 3116?
1
What is the units digit of 3742?
2
What is the thousands digit of 26655?
6
What is the hundreds digit of 105?
1
What is the units digit of 922?
2
What is the ten thousands digit of 10127?
1
What is the units digit of 147261?
1
What is the hundreds digit of 2137?
1
What is the thousands digit of 1881?
1
What is the thousands digit of 75953?
5
What is the hundreds digit of 704?
7
What is the hundreds digit of 229?
2
What is the thousands digit of 10556?
0
What is the thousands digit of 13771?
3
What is the tens digit of 108442?
4
What is the units digit of 30446?
6
What is the tens digit of 628?
2
What is the thousands digit of 9145?
9
What is the hundreds digit of 14644?
6
What is the thousands digit of 11202?
1
What is the thousands digit of 7770?
7
What is the units digit of 3944?
4
What is the thousands digit of 4163?
4
What is the hundreds digit of 12671?
6
What is the tens digit of 853?
5
What is the hundreds digit of 5677?
6
What is the units digit of 32280?
0
What is the tens digit of 86835?
3
What is the thousands digit of 11705?
1
What is the thousands digit of 6343?
6
What is the hundreds digit of 521?
5
What is the thousands digit of 27939?
7
What is the thousands digit of 7399?
7
What is the units digit of 5401?
1
What is the units digit of 211?
1
What is the tens digit of 2305?
0
What is the tens digit of 330?
3
What is the thousands digit of 33089?
3
What is the thousands digit of 15050?
5
What is the hundreds digit of 35985?
9
What is the tens digit of 1762?
6
What is the tens digit of 8230?
3
What is the tens digit of 99273?
7
What is the tens digit of 9298?
9
What is the units digit of 11385?
5
What is the ten thousands digit of 42826?
4
What is the tens digit of 23892?
9
What is the ten thousands digit of 35482?
3
What is the tens digit of 19154?
5
What is the units digit of 4783?
3
What is the tens digit of 1902?
0
What is the units digit of 6091?
1
What is the tens digit of 1965?
6
What is the thousands digit of 122536?
2
What is the tens digit of 1380?
8
What is the ten thousands digit of 32068?
3
What is the tens digit of 1021?
2
What is the thousands digit of 119533?
9
What is the units digit of 979?
9
What is the hundreds digit of 122969?
9
What is the units digit of 1309?
9
What is the hundreds digit of 1362?
3
What is the thousands digit of 1147?
1
What is the thousands digit of 25988?
5
What is the units digit of 1176?
6
What is the tens digit of 22452?
5
What is the units digit of 34831?
1
What is the hundreds digit of 329?
3
What is the ten thousands digit of 38344?
3
What is the units digit of 492?
2
What is the hundreds digit of 60725?
7
What is the thousands digit of 31925?
1
What is the units digit of 8203?
3
What is the units digit of 18336?
6
What is the thousands digit of 43374?
3
What is the thousands digit of 22039?
2
What is the tens digit of 2513?
1
What is the ten thousands digit of 17547?
1
What is the hundreds digit of 811?
8
What is the tens digit of 4120?
2
What is the thousands digit of 53239?
3
What is the tens digit of 107971?
7
What is the hundreds digit of 1188?
1
What is the units digit of 3426?
6
What is the thousands digit of 4149?
4
What is the hundreds digit of 7343?
3
What is the tens digit of 5519?
1
What is the tens digit of 743?
4
What is the thousands digit of 48484?
8
What is the thousands digit of 4158?
4
What is the units digit of 136143?
3
What is the hundreds digit of 59407?
4
What is the tens digit of 8655?
5
What is the ten thousands digit of 15674?
1
What is the thousands digit of 4872?
4
What is the thousands digit of 1215?
1
What is the thousands digit of 34695?
4
What is the hundreds digit of 18873?
8
What is the units digit of 436?
6
What is the tens digit of 109?
0
What is the hundreds digit of 30552?
5
What is the hundreds digit of 366?
3
What is the hundreds digit of 12977?
9
What is the units digit of 13768?
8
What is the tens digit of 6182?
8
What is the thousands digit of 10346?
0
What is the tens digit of 608?
0
What is the tens digit of 926?
2
What is the tens digit of 1731?
3
What is the tens digit of 1341?
4
What is the tens digit of 379?
7
What is the units digit of 6486?
6
What is the units digit of 31810?
0
What is the tens digit of 19829?
2
What is the tens digit of 72566?
6
What is the units digit of 1766?
6
What is the units digit of 2228?
8
What is the tens digit of 2731?
3
What is the units digit of 1585?
5
What is the hundreds digit of 23331?
3
What is the tens digit of 893?
9
What is the hundreds digit of 647?
6
What is the hundreds digit of 625?
6
What is the units digit of 969?
9
What is the hundreds digit of 607?
6
What is the thousands digit of 22618?
2
What is the tens digit of 12403?
0
What is the tens digit of 55?
5
What is the thousands digit of 3624?
3
What is the thousands digit of 21665?
1
What is the tens digit of 2028?
2
What is the ten thousands digit of 14853?
1
What is the tens digit of 1354?
5
What is the tens digit of 2741?
4
What is the units digit of 41419?
9
What is the hundreds digit of 478?
4
What is the hundreds digit of 43309?
3
What is the thousands digit of 55112?
5
What is the units digit of 1205?
5
What is the thousands digit of 142731?
2
What is the units digit of 1947?
7
What is the tens digit of 6687?
8
What is the units digit of 60383?
3
What is the tens digit of 616?
1
What is the tens digit of 2019?
1
What is the hundreds digit of 101?
1
What is the tens digit of 769?
6
What is the units digit of 851?
1
What is the units digit of 41206?
6
What is the tens digit of 947?
4
What is the ten thousands digit of 31573?
3
What is the thousands digit of 40676?
0
What is the tens digit of 16540?
4
What is the tens digit of 65969?
6
What is the tens digit of 5433?
3
What is the hundreds digit of 2544?
5
What is the tens digit of 67577?
7
What is the thousands digit of 3934?
3
What is the thousands digit of 6758?
6
What is the tens digit of 1859?
5
What is the tens digit of 9759?
5
What is the units digit of 5870?
0
What is the ten thousands digit of 137479?
3
What is the tens digit of 595?
9
What is the units digit of 2506?
6
What is the ten thousands digit of 12549?
1
What is the tens digit of 27572?
7
What is the hundreds digit of 1437?
4
What is the tens digit of 1963?
6
What is the tens digit of 6473?
7
What is the units digit of 2086?
6
What is the thousands digit of 26597?
6
What is the units digit of 33166?
6
What is the hundreds digit of 47146?
1
What is the tens digit of 14967?
6
What is the tens digit of 4457?
5
What is the ten thousands digit of 74047?
7
What is the tens digit of 594?
9
What is the thousands digit of 9482?
9
